 49 is divided by l(k).
20
Let s be -3 + ((-2470)/(-15))/(6/9). Let t = -237 + s. Calculate the remainder when 63 is divided by t.
0
Suppose -5*w + 4*f - 887 = 0, -5*f = -3*w - 79 - 461. Let y = w + 204. Calculate the remainder when y is divided by 6.
5
Suppose -f + 86*f = -29*f + 7410. What is the remainder when 132 is divided by f?
2
Let x(a) = -a**2 - a - 1. Let n(g) = -5*g**2 - 32*g + 2. Let t(h) = n(h) - x(h). What is the remainder when 172 is divided by t(-3)?
52
Let g(m) = -11*m + 90. Suppose 0 = 4*l - y - 20, 2*y + 8 = 5*l - 14. Calculate the remainder when 57 is divided by g(l).
9
Suppose 2*l = v + 39, 8*l - 5*v = -9*v + 116. Calculate the remainder when 73 is divided by l.
5
Let w(h) = 4*h - 9. Let f be w(8). Suppose -4*q + 21 = -f. Let b = -11 + 18. What is the remainder when q is divided by b?
4
Suppose 2*d - 34 = -5*j - 5, -4*d + 88 = 4*j. What is the remainder when 6452 is divided by d?
26
Let v(p) = 7*p**2 - 3*p + 4. Let l be v(3). Suppose 0 = -5*b + 122 + l. Let z = -285949 + 285968. Calculate the remainder when b is divided by z.
17
Let b(c) be the first derivative of -2*c**4 - 2*c**3/3 + c**2/2 - 2*c - 2. Suppose -3*n + 272 = 278. Calculate the remainder when 258 is divided by b(n).
50
Suppose 619*v - 23630 - 556 = -2240 + 10242. Suppose r = -2*q - r + 166, -5*q + 431 = -3*r. What is the remainder when q is divided by v?
33
Let f = 125 + -120. Suppose 0 = n - f, -132 = 4*k - 6*k + 2*n. Calculate the remainder when k is divided by 42.
29
Suppose -5*s = -4910 + 4510. Calculate the remainder when 422 is divided by s.
22
Let x = -13 + 17. What is the remainder when 38 is divided by -1 + x + -1*(3 + -9)?
2
Let k be 6/5 + (-112)/(-140). What is the remainder when 56/112 - (1221/k)/(-3) is divided by 43?
32
Suppose 22 = 3*n - 5*d + d, 2*d - 66 = -4*n. Let u be (16/n)/((-4)/(-14)). Suppose -u*w + 3*w + 11 = 0. Calculate the remainder when 21 is divided by w.
10
Let j = -659 + 615. What is the remainder when 180 is divided by 99/j*(-132)/9?
15
Let r(o) = -o**2 - 5*o - 2. Let x be r(-2). Suppose -4*d = -x*c + c - 412, 404 = 4*d - 5*c. Let u = -449 + 485. What is the remainder when d is divided by u?
34
Suppose -m - 147 = q, -3*m - q - 429 = -2*q. Let a = -16 - -29. What is the remainder when 21/28*(-5)/(15/m) is divided by a?
10
Let c be (174/8)/(4/(-96)*-2). Suppose -256*q + c*q - 60 = 0. What is the remainder when 61 is divided by q?
1
Let t = -6819 + 8205. What is the remainder when t is divided by 685?
16
Suppose -o - 5*v + 533 = 0, 4*v = 11*o + 7*v - 6123. Calculate the remainder when 566 is divided by o.
8
Let a(d) = -d**3 + 3*d**2 + d + 2. Let z = 422 - 252. Suppose 0 = -166*o + z*o - 148. What is the remainder when o is divided by a(3)?
2
Let j be (-3 - -13*(-3)/(-12))*8. Suppose -j*d - d - 286 = -5*u, -3*u = -d - 174. What is the remainder when 294 is divided by u?
58
Suppose -k + f + 152 = 0, -2*k - 3*k - f + 736 = 0. What is the remainder when 18054 is divided by k?
146
Let x(a) = -124*a - 3423. What is the remainder when 709 is divided by x(-29)?
17
Let m be -3 - 21/(-4) - (-11)/(-44). Suppose 0 = -m*k - 3*q + 27, -5*k + 11 = -2*q - 28. What is the remainder when ((-4)/5)/((-2)/85) is divided by k?
7
Suppose 0 = -5*v + 2*l + 172, 4*v + 3*l = 6*l + 139. Suppose 17*d + 7*d - 1704 = 0. Suppose -19*x + 100 = -d. What is the remainder when v is divided by x?
7
Suppose 5*k - l = 65, -k + 8 + 29 = -5*l. Calculate the remainder when 9922 is divided by k.
10
Let j = -775 - -1186. Let q(s) = 28*s + 214. What is the remainder when j is divided by q(-7)?
15
Let f = 43 - 64. Let n be 7/(84/9) + 21/4. What is the remainder when n/f + (-2196)/(-42) is divided by 18?
16
Let z = -3 - -5. Suppose 5*r - 148 = -3*v, z*r = -r + v + 86. Calculate the remainder when r is divided by -1 + 2 + (58 - 53).
5
Suppose -1 = i - 5*q, 0*i + 4*i - 26 = 5*q. Let a = i + -6. Suppose -4*p - 3*v + 15 = -248, a*p + v = 196. Calculate the remainder when p is divided by 23.
19
Let r(n) = 3*n - 13. Let o = -102 + 107. Let v be r(o). Suppose -5*p - 6 = -b, -b + p + 24 = v*p. Calculate the remainder when b is divided by 7.
0
Let o be 24/(-10) + 20/50 + -1. Calculate the remainder when 17 is divided by (o + 13 - 3)*1.
3
Let u(f) = -52*f**3 - 7*f**2 + 5*f - 18. Let h be u(7). Calculate the remainder when (2/3)/((-217956)/h + -12) is divided by 46.
43
Let m(f) = 4*f**2 + 6*f + 6. Suppose -16 - 2 = -2*n. Suppose 8*t = -n - 15. What is the remainder when m(t) is divided by 8?
0
Let y(k) = 197*k**2 + 15*k + 38. What is the remainder when y(-2) is divided by 245?
61
Suppose -140*p + 130 + 850 = 0. What is the remainder when 179 is divided by p?
4
Suppose w + 4*d + 36 = 5*w, 21 = 3*w - 5*d. Suppose 7*r + w = 4*r. What is the remainder when 42 is divided by r/40*4 - 231/(-15)?
12
Suppose t = -5*u + 1581, 3*u - 712 = -4*t + 206. Calculate the remainder when u is divided by 11.
10
Let w(g) = 2*g - 2*g - g. Let k(m) = -35*m - 5. What is the remainder when k(-1) is divided by w(-4)?
2
Suppose -34*l = -15*l - 513. Suppose 0 = -2*i + 4*r + 80, -57 - l = -2*i + 3*r. What is the remainder when 102 is divided by i?
6
Suppose 7*q - 388 - 431 = 0. What is the remainder when 337 is divided by q?
103
Let p(h) = -h**3 + 10*h**2 - 8*h + 7. Let s be p(6). Let u = 109 - s. What is the remainder when 51 is divided by u?
3
Let t(n) = -n - 2. Let a be t(2). Let b be (-11)/66 - 10/12. Calculate the remainder when 31 is divided by -14*3/a + b/2.
1
Let r(u) = -2*u + 188. Calculate the remainder when r(23) is divided by 66.
10
Let t be 11/(4 - (-255)/(-65)). Let d = t - 50. What is the remainder when d is divided by (4/(4 - 0))/(2/24)?
9
Suppose -2*c = m - 2 + 4, 0 = -5*m - 2*c + 14. Suppose -3*d + 9*t - 64 = m*t, -d = -t + 18. Let v = 50 + d. Calculate the remainder when v is divided by 14.
9
Suppose -12*g = 4*v + v - 155, 2*v = -3*g + 71. Let b(d) = -4*d**3 - 2*d**2 + d. What is the remainder when v is divided by b(-2)?
21
Suppose 351 - 981 = 30*a. Let w(k) be the third derivative of k**6/120 + k**5/3 - 5*k**4/6 + 13*k**3/2 - k**2. What is the remainder when 49 is divided by w(a)?
13
Suppose -9 = -3*z + 21. Suppose 305 - 1075 = -110*b + 88*b. What is the remainder when b is divided by z?
5
What is the remainder when (-1656)/(-10) + 8/20 is divided by 2/2 + 57 - 50/(19 - 9)?
7
Suppose 265*b + 46136 = 54100 + 135666. Calculate the remainder when 565 is divided by b.
23
Calculate the remainder when 68/1*((-1158)/(-20) + 406/(-1015)) is divided by 973.
18
Let s(u) = -u**3 - 11*u**2 - 26*u - 16. Let h be s(-9). Suppose -x = -4, -6*p + 4*p = -2*x - h. Calculate the remainder when 109 is divided by p.
13
Suppose 26*j + 2271 = 5703. Calculate the remainder when 4222 is divided by j.
130
Let y = 608 + -519. What is the remainder when 365 is divided by y?
9
Suppose 2*v - 94 = -t, -2*v + 118 = 79*t - 81*t. What is the remainder when 63 is divided by v?
12
Suppose 16 = 21*m - 17*m. Calculate the remainder when 41 is divided by m/(-6) + (-94)/(-6).
11
Suppose -7430*j - 131236 = -7444*j. Calculate the remainder when j is divided by 8.
6
Let b(t) = -2*t - 9. Let k be b(-7). Suppose 58 = -5*o - 4*z + 228, -k*o = 2*z - 160. Calculate the remainder when 25 is divided by (-192)/o + 6 - 144/(-10).
11
Suppose t + p - 61 = -0*t, 163 = 3*t - 2*p. Suppose -26*m = -29*m + t. What is the remainder when m is divided by 13?
6
Let m = -60 - -166. Let l = -6615 - -6671. What is the remainder when m is divided by l?
50
Suppose 3*g + g + 5*x - 36 = 0, 3*g - 4*x - 27 = 0. Suppose -3*c - 48 = 262*l - 263*l, 6*l + 3*c - 351 = 0. Calculate the remainder when l is divided by g.
3
Suppose -2*i - 1 = -i. What is the remainder when -53 + 55 + (-2)/7*(-17 + -11) is divided by 4/(i + (2 - 0))?
2
Let i(b) = -23*b - 15. Let l be i(2). What is the remainder when 32 is divided by l/(-7) - (-46)/161?
5
Let n = -10171 - -10249. Calculate the remainder when 1080 is divided by n.
66
Let m = 70 - 51. Suppose -8*g + 12 = -68. Suppose g*u - 61 = 49. What is the remainder when m is divided by u?
8
Calculate the remainder when (-17303)/(-22) + 2/4 is divided by 773.
14
Let f = 741 - 691. What is the remainder when f is divided by 13 + 0/(-4) - 2?
6
Let f = 144 - 83. Suppose 69*r - 48 = f*r. Let v(j) = -j. Calculate the remainder when r is divided